{"id":1509,"date":"2021-01-20T14:02:43","date_gmt":"2021-01-20T13:02:43","guid":{"rendered":"http:\/\/littlebeauxarts.fr\/?page_id=1509"},"modified":"2024-04-24T15:12:19","modified_gmt":"2024-04-24T13:12:19","slug":"jeux-et-manipulations","status":"publish","type":"page","link":"http:\/\/littlebeauxarts.fr\/?page_id=1509","title":{"rendered":"Jeux et manipulations"},"content":{"rendered":"\n<h2 class=\"wp-block-heading\"><span style=\"color:#c23751\" class=\"has-inline-color\">JEUX ET MANIPULATIONS<\/span><\/h2>\n\n\n\n<div class=\"wp-block-columns is-layout-flex wp-container-core-columns-is-layout-9d6595d7 wp-block-columns-is-layout-flex\">\n<div class=\"wp-block-column is-layout-flow wp-block-column-is-layout-flow\" style=\"flex-basis:33.33%\">\n<figure class=\"wp-block-image size-large\"><img loading=\"lazy\" decoding=\"async\" width=\"1024\" height=\"1024\" src=\"http:\/\/littlebeauxarts.fr\/wp-content\/uploads\/2021\/01\/Visuel-atelier-v2-1024x1024.png\" alt=\"Prestations - Carnet de Prestations - jeux et manipulations - Little Beaux Arts - Lyon \" class=\"wp-image-1739\" srcset=\"http:\/\/littlebeauxarts.fr\/wp-content\/uploads\/2021\/01\/Visuel-atelier-v2-1024x1024.png 1024w, http:\/\/littlebeauxarts.fr\/wp-content\/uploads\/2021\/01\/Visuel-atelier-v2-300x300.png 300w, http:\/\/littlebeauxarts.fr\/wp-content\/uploads\/2021\/01\/Visuel-atelier-v2-150x150.png 150w, http:\/\/littlebeauxarts.fr\/wp-content\/uploads\/2021\/01\/Visuel-atelier-v2-768x768.png 768w, http:\/\/littlebeauxarts.fr\/wp-content\/uploads\/2021\/01\/Visuel-atelier-v2-1160x1160.png 1160w, http:\/\/littlebeauxarts.fr\/wp-content\/uploads\/2021\/01\/Visuel-atelier-v2-75x75.png 75w, http:\/\/littlebeauxarts.fr\/wp-content\/uploads\/2021\/01\/Visuel-atelier-v2.png 1250w\" sizes=\"auto, (max-width: 1024px) 100vw, 1024px\" \/><\/figure>\n<\/div>\n\n\n\n<div class=\"wp-block-column is-layout-flow wp-block-column-is-layout-flow\" style=\"flex-basis:66.66%\">\n<p><\/p>\n\n\n\n<p>On comprend mieux en exp\u00e9rimentant soi-m\u00eame !<br><br>Pour rendre les expositions plus ludiques, plus p\u00e9dagogique et plus interactives, Little Beaux-Arts vous accompagne :<br>&#8211; conception de jeux et manipulations le long du parcours<br>&#8211; cr\u00e9ation d&#8217;espaces-jeux<\/p>\n<\/div>\n<\/div>\n\n\n\n<div class=\"wp-block-columns is-layout-flex wp-container-core-columns-is-layout-9d6595d7 wp-block-columns-is-layout-flex\">\n<div class=\"wp-block-column is-layout-flow wp-block-column-is-layout-flow\">\n<figure class=\"wp-block-image size-large\"><img loading=\"lazy\" decoding=\"async\" width=\"2268\" height=\"2268\" src=\"http:\/\/littlebeauxarts.fr\/wp-content\/uploads\/Spray-numerique-1-edited.jpg\" alt=\"\" class=\"wp-image-3361\" srcset=\"http:\/\/littlebeauxarts.fr\/wp-content\/uploads\/Spray-numerique-1-edited.jpg 2268w, http:\/\/littlebeauxarts.fr\/wp-content\/uploads\/Spray-numerique-1-edited-300x300.jpg 300w, http:\/\/littlebeauxarts.fr\/wp-content\/uploads\/Spray-numerique-1-edited-1024x1024.jpg 1024w, http:\/\/littlebeauxarts.fr\/wp-content\/uploads\/Spray-numerique-1-edited-150x150.jpg 150w, http:\/\/littlebeauxarts.fr\/wp-content\/uploads\/Spray-numerique-1-edited-768x768.jpg 768w, http:\/\/littlebeauxarts.fr\/wp-content\/uploads\/Spray-numerique-1-edited-1536x1536.jpg 1536w, http:\/\/littlebeauxarts.fr\/wp-content\/uploads\/Spray-numerique-1-edited-2048x2048.jpg 2048w, http:\/\/littlebeauxarts.fr\/wp-content\/uploads\/Spray-numerique-1-edited-1160x1160.jpg 1160w, http:\/\/littlebeauxarts.fr\/wp-content\/uploads\/Spray-numerique-1-edited-75x75.jpg 75w\" sizes=\"auto, (max-width: 2268px) 100vw, 2268px\" \/><\/figure>\n<\/div>\n\n\n\n<div class=\"wp-block-column is-layout-flow wp-block-column-is-layout-flow\">\n<figure class=\"wp-block-image size-large\"><img loading=\"lazy\" decoding=\"async\" width=\"2268\" height=\"2268\" src=\"http:\/\/littlebeauxarts.fr\/wp-content\/uploads\/Salle-4-jeu-Invader-6-edited.jpg\" alt=\"\" class=\"wp-image-3362\" srcset=\"http:\/\/littlebeauxarts.fr\/wp-content\/uploads\/Salle-4-jeu-Invader-6-edited.jpg 2268w, http:\/\/littlebeauxarts.fr\/wp-content\/uploads\/Salle-4-jeu-Invader-6-edited-300x300.jpg 300w, http:\/\/littlebeauxarts.fr\/wp-content\/uploads\/Salle-4-jeu-Invader-6-edited-1024x1024.jpg 1024w, http:\/\/littlebeauxarts.fr\/wp-content\/uploads\/Salle-4-jeu-Invader-6-edited-150x150.jpg 150w, http:\/\/littlebeauxarts.fr\/wp-content\/uploads\/Salle-4-jeu-Invader-6-edited-768x768.jpg 768w, http:\/\/littlebeauxarts.fr\/wp-content\/uploads\/Salle-4-jeu-Invader-6-edited-1536x1536.jpg 1536w, http:\/\/littlebeauxarts.fr\/wp-content\/uploads\/Salle-4-jeu-Invader-6-edited-2048x2048.jpg 2048w, http:\/\/littlebeauxarts.fr\/wp-content\/uploads\/Salle-4-jeu-Invader-6-edited-1160x1160.jpg 1160w, http:\/\/littlebeauxarts.fr\/wp-content\/uploads\/Salle-4-jeu-Invader-6-edited-75x75.jpg 75w\" sizes=\"auto, (max-width: 2268px) 100vw, 2268px\" \/><\/figure>\n<\/div>\n\n\n\n<div class=\"wp-block-column is-layout-flow wp-block-column-is-layout-flow\">\n<figure class=\"wp-block-image size-large\"><img loading=\"lazy\" decoding=\"async\" width=\"2268\" height=\"2268\" src=\"http:\/\/littlebeauxarts.fr\/wp-content\/uploads\/Salle-4-jeu-lAtlas-2-edited-1.jpg\" alt=\"\" class=\"wp-image-3363\" srcset=\"http:\/\/littlebeauxarts.fr\/wp-content\/uploads\/Salle-4-jeu-lAtlas-2-edited-1.jpg 2268w, http:\/\/littlebeauxarts.fr\/wp-content\/uploads\/Salle-4-jeu-lAtlas-2-edited-1-300x300.jpg 300w, http:\/\/littlebeauxarts.fr\/wp-content\/uploads\/Salle-4-jeu-lAtlas-2-edited-1-1024x1024.jpg 1024w, http:\/\/littlebeauxarts.fr\/wp-content\/uploads\/Salle-4-jeu-lAtlas-2-edited-1-150x150.jpg 150w, http:\/\/littlebeauxarts.fr\/wp-content\/uploads\/Salle-4-jeu-lAtlas-2-edited-1-768x768.jpg 768w, http:\/\/littlebeauxarts.fr\/wp-content\/uploads\/Salle-4-jeu-lAtlas-2-edited-1-1536x1536.jpg 1536w, http:\/\/littlebeauxarts.fr\/wp-content\/uploads\/Salle-4-jeu-lAtlas-2-edited-1-2048x2048.jpg 2048w, http:\/\/littlebeauxarts.fr\/wp-content\/uploads\/Salle-4-jeu-lAtlas-2-edited-1-1160x1160.jpg 1160w, http:\/\/littlebeauxarts.fr\/wp-content\/uploads\/Salle-4-jeu-lAtlas-2-edited-1-75x75.jpg 75w\" sizes=\"auto, (max-width: 2268px) 100vw, 2268px\" \/><\/figure>\n<\/div>\n<\/div>\n\n\n\n<div class=\"wp-block-columns is-layout-flex wp-container-core-columns-is-layout-9d6595d7 wp-block-columns-is-layout-flex\">\n<div class=\"wp-block-column is-layout-flow wp-block-column-is-layout-flow\"><\/div>\n<\/div>\n\n\n\n<p><a href=\"http:\/\/littlebeauxarts.fr\/?page_id=1441\">Retour \u00e0 nos prestations <\/a><\/p>\n","protected":false},"excerpt":{"rendered":"<p>JEUX ET MANIPULATIONS On comprend mieux en exp\u00e9rimentant soi-m\u00eame ! Pour rendre les expositions plus ludiques, plus p\u00e9dagogique et plus interactives, Little Beaux-Arts vous accompagne :&#8211; conception de jeux et manipulations le long du parcours&#8211; cr\u00e9ation d&#8217;espaces-jeux Retour \u00e0 nos prestations<\/p>\n","protected":false},"author":1,"featured_media":0,"parent":1441,"menu_order":0,"comment_status":"closed","ping_status":"closed","template":"","meta":{"footnotes":""},"class_list":["post-1509","page","type-page","status-publish","hentry"],"yoast_head":"<!-- This site is optimized with the Yoast SEO plugin v27.4 - https:\/\/yoast.com\/product\/yoast-seo-wordpress\/ -->\n<title>Jeux et manipulations - LITTLE BEAUX ARTS<\/title>\n<meta name=\"description\" content=\"Little Beaux-Arts met en place des jeux et manipulations afin de cr\u00e9er un nouveau lien plus ludique entre les enfants et le monde artistique.\" \/>\n<meta name=\"robots\" content=\"index, follow, max-snippet:-1, max-image-preview:large, max-video-preview:-1\" \/>\n<link rel=\"canonical\" href=\"http:\/\/littlebeauxarts.fr\/?page_id=1509\" \/>\n<meta property=\"og:locale\" content=\"fr_FR\" \/>\n<meta property=\"og:type\" content=\"article\" \/>\n<meta property=\"og:title\" content=\"Jeux et manipulations - LITTLE BEAUX ARTS\" \/>\n<meta property=\"og:description\" content=\"Little Beaux-Arts met en place des jeux et manipulations afin de cr\u00e9er un nouveau lien plus ludique entre les enfants et le monde artistique.\" \/>\n<meta property=\"og:url\" content=\"http:\/\/littlebeauxarts.fr\/?page_id=1509\" \/>\n<meta property=\"og:site_name\" content=\"LITTLE BEAUX ARTS\" \/>\n<meta property=\"article:publisher\" content=\"https:\/\/www.facebook.com\/littlebeauxarts\/\" \/>\n<meta property=\"article:modified_time\" content=\"2024-04-24T13:12:19+00:00\" \/>\n<meta property=\"og:image\" content=\"http:\/\/littlebeauxarts.fr\/wp-content\/uploads\/2021\/01\/Visuel-atelier-v2-1024x1024.png\" \/>\n<meta name=\"twitter:card\" content=\"summary_large_image\" \/>\n<meta name=\"twitter:label1\" content=\"Dur\u00e9e de lecture estim\u00e9e\" \/>\n\t<meta name=\"twitter:data1\" content=\"1 minute\" \/>\n<script type=\"application\/ld+json\" class=\"yoast-schema-graph\">{\"@context\":\"https:\\\/\\\/schema.org\",\"@graph\":[{\"@type\":\"WebPage\",\"@id\":\"http:\\\/\\\/littlebeauxarts.fr\\\/?page_id=1509\",\"url\":\"http:\\\/\\\/littlebeauxarts.fr\\\/?page_id=1509\",\"name\":\"Jeux et manipulations - LITTLE BEAUX ARTS\",\"isPartOf\":{\"@id\":\"https:\\\/\\\/littlebeauxarts.fr\\\/#website\"},\"primaryImageOfPage\":{\"@id\":\"http:\\\/\\\/littlebeauxarts.fr\\\/?page_id=1509#primaryimage\"},\"image\":{\"@id\":\"http:\\\/\\\/littlebeauxarts.fr\\\/?page_id=1509#primaryimage\"},\"thumbnailUrl\":\"http:\\\/\\\/littlebeauxarts.fr\\\/wp-content\\\/uploads\\\/2021\\\/01\\\/Visuel-atelier-v2-1024x1024.png\",\"datePublished\":\"2021-01-20T13:02:43+00:00\",\"dateModified\":\"2024-04-24T13:12:19+00:00\",\"description\":\"Little Beaux-Arts met en place des jeux et manipulations afin de cr\u00e9er un nouveau lien plus ludique entre les enfants et le monde artistique.\",\"breadcrumb\":{\"@id\":\"http:\\\/\\\/littlebeauxarts.fr\\\/?page_id=1509#breadcrumb\"},\"inLanguage\":\"fr-FR\",\"potentialAction\":[{\"@type\":\"ReadAction\",\"target\":[\"http:\\\/\\\/littlebeauxarts.fr\\\/?page_id=1509\"]}]},{\"@type\":\"ImageObject\",\"inLanguage\":\"fr-FR\",\"@id\":\"http:\\\/\\\/littlebeauxarts.fr\\\/?page_id=1509#primaryimage\",\"url\":\"http:\\\/\\\/littlebeauxarts.fr\\\/wp-content\\\/uploads\\\/2021\\\/01\\\/Visuel-atelier-v2.png\",\"contentUrl\":\"http:\\\/\\\/littlebeauxarts.fr\\\/wp-content\\\/uploads\\\/2021\\\/01\\\/Visuel-atelier-v2.png\",\"width\":1250,\"height\":1250,\"caption\":\"Prestations - Carnet de Prestations - jeux et manipulations - Little Beaux Arts - Lyon\"},{\"@type\":\"BreadcrumbList\",\"@id\":\"http:\\\/\\\/littlebeauxarts.fr\\\/?page_id=1509#breadcrumb\",\"itemListElement\":[{\"@type\":\"ListItem\",\"position\":1,\"name\":\"Accueil\",\"item\":\"https:\\\/\\\/littlebeauxarts.fr\\\/\"},{\"@type\":\"ListItem\",\"position\":2,\"name\":\"Prestations\",\"item\":\"http:\\\/\\\/littlebeauxarts.fr\\\/?page_id=1441\"},{\"@type\":\"ListItem\",\"position\":3,\"name\":\"Jeux et manipulations\"}]},{\"@type\":\"WebSite\",\"@id\":\"https:\\\/\\\/littlebeauxarts.fr\\\/#website\",\"url\":\"https:\\\/\\\/littlebeauxarts.fr\\\/\",\"name\":\"LITTLE BEAUX ARTS\",\"description\":\"D\u00e9couvrir l\u2019art et le monde des mus\u00e9es en s\u2019amusant et en cr\u00e9ant \u00e0 tous les \u00e2ges\",\"publisher\":{\"@id\":\"https:\\\/\\\/littlebeauxarts.fr\\\/#organization\"},\"potentialAction\":[{\"@type\":\"SearchAction\",\"target\":{\"@type\":\"EntryPoint\",\"urlTemplate\":\"https:\\\/\\\/littlebeauxarts.fr\\\/?s={search_term_string}\"},\"query-input\":{\"@type\":\"PropertyValueSpecification\",\"valueRequired\":true,\"valueName\":\"search_term_string\"}}],\"inLanguage\":\"fr-FR\"},{\"@type\":\"Organization\",\"@id\":\"https:\\\/\\\/littlebeauxarts.fr\\\/#organization\",\"name\":\"Little Beaux-Arts\",\"url\":\"https:\\\/\\\/littlebeauxarts.fr\\\/\",\"logo\":{\"@type\":\"ImageObject\",\"inLanguage\":\"fr-FR\",\"@id\":\"https:\\\/\\\/littlebeauxarts.fr\\\/#\\\/schema\\\/logo\\\/image\\\/\",\"url\":\"\",\"contentUrl\":\"\",\"caption\":\"Little Beaux-Arts\"},\"image\":{\"@id\":\"https:\\\/\\\/littlebeauxarts.fr\\\/#\\\/schema\\\/logo\\\/image\\\/\"},\"sameAs\":[\"https:\\\/\\\/www.facebook.com\\\/littlebeauxarts\\\/\",\"https:\\\/\\\/www.instagram.com\\\/littlebeauxarts\\\/\"]}]}<\/script>\n<!-- \/ Yoast SEO plugin. -->","yoast_head_json":{"title":"Jeux et manipulations - LITTLE BEAUX ARTS","description":"Little Beaux-Arts met en place des jeux et manipulations afin de cr\u00e9er un nouveau lien plus ludique entre les enfants et le monde artistique.","robots":{"index":"index","follow":"follow","max-snippet":"max-snippet:-1","max-image-preview":"max-image-preview:large","max-video-preview":"max-video-preview:-1"},"canonical":"http:\/\/littlebeauxarts.fr\/?page_id=1509","og_locale":"fr_FR","og_type":"article","og_title":"Jeux et manipulations - LITTLE BEAUX ARTS","og_description":"Little Beaux-Arts met en place des jeux et manipulations afin de cr\u00e9er un nouveau lien plus ludique entre les enfants et le monde artistique.","og_url":"http:\/\/littlebeauxarts.fr\/?page_id=1509","og_site_name":"LITTLE BEAUX ARTS","article_publisher":"https:\/\/www.facebook.com\/littlebeauxarts\/","article_modified_time":"2024-04-24T13:12:19+00:00","og_image":[{"url":"http:\/\/littlebeauxarts.fr\/wp-content\/uploads\/2021\/01\/Visuel-atelier-v2-1024x1024.png","type":"","width":"","height":""}],"twitter_card":"summary_large_image","twitter_misc":{"Dur\u00e9e de lecture estim\u00e9e":"1 minute"},"schema":{"@context":"https:\/\/schema.org","@graph":[{"@type":"WebPage","@id":"http:\/\/littlebeauxarts.fr\/?page_id=1509","url":"http:\/\/littlebeauxarts.fr\/?page_id=1509","name":"Jeux et manipulations - LITTLE BEAUX ARTS","isPartOf":{"@id":"https:\/\/littlebeauxarts.fr\/#website"},"primaryImageOfPage":{"@id":"http:\/\/littlebeauxarts.fr\/?page_id=1509#primaryimage"},"image":{"@id":"http:\/\/littlebeauxarts.fr\/?page_id=1509#primaryimage"},"thumbnailUrl":"http:\/\/littlebeauxarts.fr\/wp-content\/uploads\/2021\/01\/Visuel-atelier-v2-1024x1024.png","datePublished":"2021-01-20T13:02:43+00:00","dateModified":"2024-04-24T13:12:19+00:00","description":"Little Beaux-Arts met en place des jeux et manipulations afin de cr\u00e9er un nouveau lien plus ludique entre les enfants et le monde artistique.","breadcrumb":{"@id":"http:\/\/littlebeauxarts.fr\/?page_id=1509#breadcrumb"},"inLanguage":"fr-FR","potentialAction":[{"@type":"ReadAction","target":["http:\/\/littlebeauxarts.fr\/?page_id=1509"]}]},{"@type":"ImageObject","inLanguage":"fr-FR","@id":"http:\/\/littlebeauxarts.fr\/?page_id=1509#primaryimage","url":"http:\/\/littlebeauxarts.fr\/wp-content\/uploads\/2021\/01\/Visuel-atelier-v2.png","contentUrl":"http:\/\/littlebeauxarts.fr\/wp-content\/uploads\/2021\/01\/Visuel-atelier-v2.png","width":1250,"height":1250,"caption":"Prestations - Carnet de Prestations - jeux et manipulations - Little Beaux Arts - Lyon"},{"@type":"BreadcrumbList","@id":"http:\/\/littlebeauxarts.fr\/?page_id=1509#breadcrumb","itemListElement":[{"@type":"ListItem","position":1,"name":"Accueil","item":"https:\/\/littlebeauxarts.fr\/"},{"@type":"ListItem","position":2,"name":"Prestations","item":"http:\/\/littlebeauxarts.fr\/?page_id=1441"},{"@type":"ListItem","position":3,"name":"Jeux et manipulations"}]},{"@type":"WebSite","@id":"https:\/\/littlebeauxarts.fr\/#website","url":"https:\/\/littlebeauxarts.fr\/","name":"LITTLE BEAUX ARTS","description":"D\u00e9couvrir l\u2019art et le monde des mus\u00e9es en s\u2019amusant et en cr\u00e9ant \u00e0 tous les \u00e2ges","publisher":{"@id":"https:\/\/littlebeauxarts.fr\/#organization"},"potentialAction":[{"@type":"SearchAction","target":{"@type":"EntryPoint","urlTemplate":"https:\/\/littlebeauxarts.fr\/?s={search_term_string}"},"query-input":{"@type":"PropertyValueSpecification","valueRequired":true,"valueName":"search_term_string"}}],"inLanguage":"fr-FR"},{"@type":"Organization","@id":"https:\/\/littlebeauxarts.fr\/#organization","name":"Little Beaux-Arts","url":"https:\/\/littlebeauxarts.fr\/","logo":{"@type":"ImageObject","inLanguage":"fr-FR","@id":"https:\/\/littlebeauxarts.fr\/#\/schema\/logo\/image\/","url":"","contentUrl":"","caption":"Little Beaux-Arts"},"image":{"@id":"https:\/\/littlebeauxarts.fr\/#\/schema\/logo\/image\/"},"sameAs":["https:\/\/www.facebook.com\/littlebeauxarts\/","https:\/\/www.instagram.com\/littlebeauxarts\/"]}]}},"_links":{"self":[{"href":"http:\/\/littlebeauxarts.fr\/index.php?rest_route=\/wp\/v2\/pages\/1509","targetHints":{"allow":["GET"]}}],"collection":[{"href":"http:\/\/littlebeauxarts.fr\/index.php?rest_route=\/wp\/v2\/pages"}],"about":[{"href":"http:\/\/littlebeauxarts.fr\/index.php?rest_route=\/wp\/v2\/types\/page"}],"author":[{"embeddable":true,"href":"http:\/\/littlebeauxarts.fr\/index.php?rest_route=\/wp\/v2\/users\/1"}],"replies":[{"embeddable":true,"href":"http:\/\/littlebeauxarts.fr\/index.php?rest_route=%2Fwp%2Fv2%2Fcomments&post=1509"}],"version-history":[{"count":4,"href":"http:\/\/littlebeauxarts.fr\/index.php?rest_route=\/wp\/v2\/pages\/1509\/revisions"}],"predecessor-version":[{"id":3364,"href":"http:\/\/littlebeauxarts.fr\/index.php?rest_route=\/wp\/v2\/pages\/1509\/revisions\/3364"}],"up":[{"embeddable":true,"href":"http:\/\/littlebeauxarts.fr\/index.php?rest_route=\/wp\/v2\/pages\/1441"}],"wp:attachment":[{"href":"http:\/\/littlebeauxarts.fr\/index.php?rest_route=%2Fwp%2Fv2%2Fmedia&parent=1509"}],"curies":[{"name":"wp","href":"https:\/\/api.w.org\/{rel}","templated":true}]}}