{"id":2619,"date":"2021-03-18T14:23:46","date_gmt":"2021-03-18T13:23:46","guid":{"rendered":"http:\/\/littlebeauxarts.fr\/?page_id=2619"},"modified":"2025-08-28T12:01:26","modified_gmt":"2025-08-28T10:01:26","slug":"ils-ont-aime","status":"publish","type":"page","link":"http:\/\/littlebeauxarts.fr\/?page_id=2619","title":{"rendered":"Les \u00e9coles"},"content":{"rendered":"\n<p><strong>Plus de 3000 enfants b\u00e9n\u00e9ficient d&#8217;une mini-exposition chaque ann\u00e9e. <\/strong><br><strong>Depuis 2018, nous sommes intervenus aupr\u00e8s de 17 500 enfants dans de nombreux \u00e9tablissements.<\/strong> Parmi eux :<\/p>\n\n\n\n<p>\u00c9cole Victor Hugo (Lyon 1), \u00c9cole Robert Doisneau (Lyon 1er), \u00c9cole maternelle Painlev\u00e9 (Lyon 3\u00e8me), \u00c9cole Immacul\u00e9e Conception (Lyon 3\u00e8me), \u00c9cole Saint Sacrement (Lyon 3\u00e8me), \u00c9cole maternelle Ir\u00e8ne Joliot Curie (Lyon 5\u00e8me), Ecole primaire Cr\u00e9qui (Lyon 6), \u00c9cole Maternelle Julie-Victoire Daubi\u00e9 (Lyon 7\u00e8me), \u00c9cole Saint Joseph (Lyon 7\u00e8me), \u00c9cole Chavant (Lyon 7\u00e8me), Ecole Jean-Pierre Veyet (Lyon 7\u00e8me), Coll\u00e8ge de la Cit\u00e9 Scolaire International Gerland (Lyon 7\u00e8me), Ecole \u00e9l\u00e9mentaire Simone Signoret (Lyon 8\u00e8me), \u00c9cole maternelle et \u00e9l\u00e9mentaire Lumi\u00e8re (Lyon 8\u00e8me), \u00c9cole maternelle Paul Emile Victor (Lyon 8\u00e8me), \u00c9cole maternelle Maurice Car\u00eame (Lyon 9\u00e8me), \u00c9cole primaire Monsieur Paul (Collonges au Mont d\u2019Or), Ecole Vallon de Grandvaux (Ecully), \u00c9cole Nelson Mandela (Genas), \u00c9cole Montvallon (Lissieu), \u00c9cole du Bourg (Saint Didier au Mont d\u2019Or), International School of Lyon (Sainte Foy-les-Lyons), \u00c9cole \u00e9l\u00e9mentaire Jules Vall\u00e8s (Saint-Fons), \u00c9cole Ren\u00e9 Cassin (Saint Pierre de Chandieu), \u00c9cole Jeanne d\u2019Arc (Saint-Priest), Ecole maternelle et primaire Louis Regard (Sathonay Camp), \u00c9cole Jean de la Fontaine (Serezin du Rh\u00f4ne), \u00c9cole \u00e9l\u00e9mentaire E. Guillon (La Tour de Salvany), \u00c9cole maternelle L\u00e9o Lagrange (V\u00e9nissieux), \u00c9coles Fran\u00e7ois Truffaut, Simone Veil, Louis Armand, Jean Moulin et Jean Jaur\u00e8s (Villeurbanne).<\/p>\n\n\n\n<p>ALAE de l\u2019\u00e9cole Lamartine (Lyon 2\u00e8me), ALAE de l\u2019\u00e9cole Antoine Charial (Lyon 3\u00e8me), Maison de l\u2019enfance (Lyon 3\u00e8me), Com\u2019Expression (Lyon 6\u00e8me), Maison de l&#8217;enfance (Lyon 7\u00e8me), Centre social Caluire Juniors (Caluire et Cuire), Centre de loisirs de Chazay d\u2019Azergues, ALSH du Tigre Blanc (Ecully), Polygones (Lentilly), ALSH de Lorette, Centre social de la Mulati\u00e8re, Lorette (42), M\u00e9diath\u00e8que de Roanne (Loire 42), Centre social la Carni\u00e8re (Saint-Priest), Centre social de Parilly (Venissieux), Centre social de Cusset (Villeurbanne), BCCL (Villeurbanne).<\/p>\n\n\n\n<p>Retour aux <a href=\"http:\/\/littlebeauxarts.fr\/?page_id=1031\">Ateliers \u00e0 l&#8217;\u00e9cole<\/a><\/p>\n","protected":false},"excerpt":{"rendered":"<p>Plus de 3000 enfants b\u00e9n\u00e9ficient d&#8217;une mini-exposition chaque ann\u00e9e. Depuis 2018, nous sommes intervenus aupr\u00e8s de 17 500 enfants dans de nombreux \u00e9tablissements. Parmi eux : \u00c9cole Victor Hugo (Lyon 1), \u00c9cole Robert Doisneau (Lyon 1er), \u00c9cole maternelle Painlev\u00e9 (Lyon 3\u00e8me), \u00c9cole Immacul\u00e9e Conception (Lyon 3\u00e8me), \u00c9cole Saint Sacrement (Lyon 3\u00e8me), \u00c9cole maternelle Ir\u00e8ne Joliot Curie (Lyon 5\u00e8me), Ecole primaire Cr\u00e9qui (Lyon 6), \u00c9cole Maternelle Julie-Victoire Daubi\u00e9 (Lyon 7\u00e8me), \u00c9cole Saint Joseph (Lyon 7\u00e8me), \u00c9cole Chavant (Lyon 7\u00e8me), Ecole Jean-Pierre Veyet (Lyon 7\u00e8me), Coll\u00e8ge de la Cit\u00e9 Scolaire International Gerland (Lyon 7\u00e8me), Ecole \u00e9l\u00e9mentaire Simone Signoret (Lyon 8\u00e8me), \u00c9cole maternelle et \u00e9l\u00e9mentaire Lumi\u00e8re (Lyon 8\u00e8me), \u00c9cole maternelle Paul Emile Victor (Lyon 8\u00e8me), \u00c9cole maternelle Maurice Car\u00eame (Lyon 9\u00e8me), \u00c9cole primaire Monsieur Paul (Collonges au Mont d\u2019Or), Ecole Vallon de Grandvaux (Ecully), \u00c9cole Nelson Mandela (Genas), \u00c9cole Montvallon (Lissieu), \u00c9cole du Bourg (Saint Didier au Mont d\u2019Or), International School of Lyon (Sainte Foy-les-Lyons), \u00c9cole \u00e9l\u00e9mentaire Jules Vall\u00e8s (Saint-Fons), \u00c9cole Ren\u00e9 Cassin (Saint Pierre de Chandieu), \u00c9cole Jeanne d\u2019Arc (Saint-Priest), Ecole maternelle et primaire Louis Regard (Sathonay Camp), \u00c9cole Jean de la Fontaine (Serezin du Rh\u00f4ne), \u00c9cole \u00e9l\u00e9mentaire E. Guillon (La Tour de Salvany), \u00c9cole maternelle L\u00e9o Lagrange (V\u00e9nissieux), \u00c9coles Fran\u00e7ois Truffaut, Simone Veil, Louis Armand, Jean Moulin et Jean Jaur\u00e8s (Villeurbanne). ALAE de l\u2019\u00e9cole Lamartine (Lyon 2\u00e8me), ALAE de l\u2019\u00e9cole Antoine Charial (Lyon 3\u00e8me), Maison de l\u2019enfance (Lyon 3\u00e8me), Com\u2019Expression (Lyon 6\u00e8me), Maison de l&#8217;enfance (Lyon 7\u00e8me), Centre social Caluire Juniors (Caluire et Cuire), Centre de loisirs de Chazay d\u2019Azergues, ALSH du Tigre Blanc (Ecully), Polygones (Lentilly), ALSH de Lorette, Centre social de la Mulati\u00e8re, Lorette (42), M\u00e9diath\u00e8que de Roanne (Loire 42), Centre social la Carni\u00e8re (Saint-Priest), Centre social de Parilly (Venissieux), Centre social de Cusset (Villeurbanne), BCCL (Villeurbanne). Retour aux Ateliers \u00e0 l&#8217;\u00e9cole<\/p>\n","protected":false},"author":1,"featured_media":0,"parent":1031,"menu_order":2,"comment_status":"closed","ping_status":"closed","template":"","meta":{"footnotes":""},"class_list":["post-2619","page","type-page","status-publish","hentry"],"yoast_head":"<!-- This site is optimized with the Yoast SEO plugin v27.6 - https:\/\/yoast.com\/product\/yoast-seo-wordpress\/ -->\n<title>Les \u00e9coles - LITTLE BEAUX ARTS<\/title>\n<meta name=\"description\" content=\"Depuis 2018, Little Beaux-Arts est intervenue aupr\u00e8s de 5000 enfants dans de nombreux \u00e9tablissements. D\u00e9couvrez la liste de ceux qui ont aim\u00e9 !\" \/>\n<meta name=\"robots\" content=\"index, follow, max-snippet:-1, max-image-preview:large, max-video-preview:-1\" \/>\n<link rel=\"canonical\" href=\"http:\/\/littlebeauxarts.fr\/?page_id=2619\" \/>\n<meta property=\"og:locale\" content=\"fr_FR\" \/>\n<meta property=\"og:type\" content=\"article\" \/>\n<meta property=\"og:title\" content=\"Les \u00e9coles - LITTLE BEAUX ARTS\" \/>\n<meta property=\"og:description\" content=\"Depuis 2018, Little Beaux-Arts est intervenue aupr\u00e8s de 5000 enfants dans de nombreux \u00e9tablissements. D\u00e9couvrez la liste de ceux qui ont aim\u00e9 !\" \/>\n<meta property=\"og:url\" content=\"http:\/\/littlebeauxarts.fr\/?page_id=2619\" \/>\n<meta property=\"og:site_name\" content=\"LITTLE BEAUX ARTS\" \/>\n<meta property=\"article:publisher\" content=\"https:\/\/www.facebook.com\/littlebeauxarts\/\" \/>\n<meta property=\"article:modified_time\" content=\"2025-08-28T10:01:26+00:00\" \/>\n<meta name=\"twitter:card\" content=\"summary_large_image\" \/>\n<meta name=\"twitter:label1\" content=\"Dur\u00e9e de lecture estim\u00e9e\" \/>\n\t<meta name=\"twitter:data1\" content=\"2 minutes\" \/>\n<script type=\"application\/ld+json\" class=\"yoast-schema-graph\">{\"@context\":\"https:\\\/\\\/schema.org\",\"@graph\":[{\"@type\":\"WebPage\",\"@id\":\"http:\\\/\\\/littlebeauxarts.fr\\\/?page_id=2619\",\"url\":\"http:\\\/\\\/littlebeauxarts.fr\\\/?page_id=2619\",\"name\":\"Les \u00e9coles - LITTLE BEAUX ARTS\",\"isPartOf\":{\"@id\":\"https:\\\/\\\/littlebeauxarts.fr\\\/#website\"},\"datePublished\":\"2021-03-18T13:23:46+00:00\",\"dateModified\":\"2025-08-28T10:01:26+00:00\",\"description\":\"Depuis 2018, Little Beaux-Arts est intervenue aupr\u00e8s de 5000 enfants dans de nombreux \u00e9tablissements. D\u00e9couvrez la liste de ceux qui ont aim\u00e9 !\",\"breadcrumb\":{\"@id\":\"http:\\\/\\\/littlebeauxarts.fr\\\/?page_id=2619#breadcrumb\"},\"inLanguage\":\"fr-FR\",\"potentialAction\":[{\"@type\":\"ReadAction\",\"target\":[\"http:\\\/\\\/littlebeauxarts.fr\\\/?page_id=2619\"]}]},{\"@type\":\"BreadcrumbList\",\"@id\":\"http:\\\/\\\/littlebeauxarts.fr\\\/?page_id=2619#breadcrumb\",\"itemListElement\":[{\"@type\":\"ListItem\",\"position\":1,\"name\":\"Accueil\",\"item\":\"https:\\\/\\\/littlebeauxarts.fr\\\/\"},{\"@type\":\"ListItem\",\"position\":2,\"name\":\"Ateliers \u00e0 l&#8217;\u00e9cole\",\"item\":\"http:\\\/\\\/littlebeauxarts.fr\\\/?page_id=1031\"},{\"@type\":\"ListItem\",\"position\":3,\"name\":\"Les \u00e9coles\"}]},{\"@type\":\"WebSite\",\"@id\":\"https:\\\/\\\/littlebeauxarts.fr\\\/#website\",\"url\":\"https:\\\/\\\/littlebeauxarts.fr\\\/\",\"name\":\"LITTLE BEAUX ARTS\",\"description\":\"D\u00e9couvrir l\u2019art et le monde des mus\u00e9es en s\u2019amusant et en cr\u00e9ant \u00e0 tous les \u00e2ges\",\"publisher\":{\"@id\":\"https:\\\/\\\/littlebeauxarts.fr\\\/#organization\"},\"potentialAction\":[{\"@type\":\"SearchAction\",\"target\":{\"@type\":\"EntryPoint\",\"urlTemplate\":\"https:\\\/\\\/littlebeauxarts.fr\\\/?s={search_term_string}\"},\"query-input\":{\"@type\":\"PropertyValueSpecification\",\"valueRequired\":true,\"valueName\":\"search_term_string\"}}],\"inLanguage\":\"fr-FR\"},{\"@type\":\"Organization\",\"@id\":\"https:\\\/\\\/littlebeauxarts.fr\\\/#organization\",\"name\":\"Little Beaux-Arts\",\"url\":\"https:\\\/\\\/littlebeauxarts.fr\\\/\",\"logo\":{\"@type\":\"ImageObject\",\"inLanguage\":\"fr-FR\",\"@id\":\"https:\\\/\\\/littlebeauxarts.fr\\\/#\\\/schema\\\/logo\\\/image\\\/\",\"url\":\"\",\"contentUrl\":\"\",\"caption\":\"Little Beaux-Arts\"},\"image\":{\"@id\":\"https:\\\/\\\/littlebeauxarts.fr\\\/#\\\/schema\\\/logo\\\/image\\\/\"},\"sameAs\":[\"https:\\\/\\\/www.facebook.com\\\/littlebeauxarts\\\/\",\"https:\\\/\\\/www.instagram.com\\\/littlebeauxarts\\\/\"]}]}<\/script>\n<!-- \/ Yoast SEO plugin. -->","yoast_head_json":{"title":"Les \u00e9coles - LITTLE BEAUX ARTS","description":"Depuis 2018, Little Beaux-Arts est intervenue aupr\u00e8s de 5000 enfants dans de nombreux \u00e9tablissements. D\u00e9couvrez la liste de ceux qui ont aim\u00e9 !","robots":{"index":"index","follow":"follow","max-snippet":"max-snippet:-1","max-image-preview":"max-image-preview:large","max-video-preview":"max-video-preview:-1"},"canonical":"http:\/\/littlebeauxarts.fr\/?page_id=2619","og_locale":"fr_FR","og_type":"article","og_title":"Les \u00e9coles - LITTLE BEAUX ARTS","og_description":"Depuis 2018, Little Beaux-Arts est intervenue aupr\u00e8s de 5000 enfants dans de nombreux \u00e9tablissements. D\u00e9couvrez la liste de ceux qui ont aim\u00e9 !","og_url":"http:\/\/littlebeauxarts.fr\/?page_id=2619","og_site_name":"LITTLE BEAUX ARTS","article_publisher":"https:\/\/www.facebook.com\/littlebeauxarts\/","article_modified_time":"2025-08-28T10:01:26+00:00","twitter_card":"summary_large_image","twitter_misc":{"Dur\u00e9e de lecture estim\u00e9e":"2 minutes"},"schema":{"@context":"https:\/\/schema.org","@graph":[{"@type":"WebPage","@id":"http:\/\/littlebeauxarts.fr\/?page_id=2619","url":"http:\/\/littlebeauxarts.fr\/?page_id=2619","name":"Les \u00e9coles - LITTLE BEAUX ARTS","isPartOf":{"@id":"https:\/\/littlebeauxarts.fr\/#website"},"datePublished":"2021-03-18T13:23:46+00:00","dateModified":"2025-08-28T10:01:26+00:00","description":"Depuis 2018, Little Beaux-Arts est intervenue aupr\u00e8s de 5000 enfants dans de nombreux \u00e9tablissements. D\u00e9couvrez la liste de ceux qui ont aim\u00e9 !","breadcrumb":{"@id":"http:\/\/littlebeauxarts.fr\/?page_id=2619#breadcrumb"},"inLanguage":"fr-FR","potentialAction":[{"@type":"ReadAction","target":["http:\/\/littlebeauxarts.fr\/?page_id=2619"]}]},{"@type":"BreadcrumbList","@id":"http:\/\/littlebeauxarts.fr\/?page_id=2619#breadcrumb","itemListElement":[{"@type":"ListItem","position":1,"name":"Accueil","item":"https:\/\/littlebeauxarts.fr\/"},{"@type":"ListItem","position":2,"name":"Ateliers \u00e0 l&#8217;\u00e9cole","item":"http:\/\/littlebeauxarts.fr\/?page_id=1031"},{"@type":"ListItem","position":3,"name":"Les \u00e9coles"}]},{"@type":"WebSite","@id":"https:\/\/littlebeauxarts.fr\/#website","url":"https:\/\/littlebeauxarts.fr\/","name":"LITTLE BEAUX ARTS","description":"D\u00e9couvrir l\u2019art et le monde des mus\u00e9es en s\u2019amusant et en cr\u00e9ant \u00e0 tous les \u00e2ges","publisher":{"@id":"https:\/\/littlebeauxarts.fr\/#organization"},"potentialAction":[{"@type":"SearchAction","target":{"@type":"EntryPoint","urlTemplate":"https:\/\/littlebeauxarts.fr\/?s={search_term_string}"},"query-input":{"@type":"PropertyValueSpecification","valueRequired":true,"valueName":"search_term_string"}}],"inLanguage":"fr-FR"},{"@type":"Organization","@id":"https:\/\/littlebeauxarts.fr\/#organization","name":"Little Beaux-Arts","url":"https:\/\/littlebeauxarts.fr\/","logo":{"@type":"ImageObject","inLanguage":"fr-FR","@id":"https:\/\/littlebeauxarts.fr\/#\/schema\/logo\/image\/","url":"","contentUrl":"","caption":"Little Beaux-Arts"},"image":{"@id":"https:\/\/littlebeauxarts.fr\/#\/schema\/logo\/image\/"},"sameAs":["https:\/\/www.facebook.com\/littlebeauxarts\/","https:\/\/www.instagram.com\/littlebeauxarts\/"]}]}},"_links":{"self":[{"href":"http:\/\/littlebeauxarts.fr\/index.php?rest_route=\/wp\/v2\/pages\/2619","targetHints":{"allow":["GET"]}}],"collection":[{"href":"http:\/\/littlebeauxarts.fr\/index.php?rest_route=\/wp\/v2\/pages"}],"about":[{"href":"http:\/\/littlebeauxarts.fr\/index.php?rest_route=\/wp\/v2\/types\/page"}],"author":[{"embeddable":true,"href":"http:\/\/littlebeauxarts.fr\/index.php?rest_route=\/wp\/v2\/users\/1"}],"replies":[{"embeddable":true,"href":"http:\/\/littlebeauxarts.fr\/index.php?rest_route=%2Fwp%2Fv2%2Fcomments&post=2619"}],"version-history":[{"count":8,"href":"http:\/\/littlebeauxarts.fr\/index.php?rest_route=\/wp\/v2\/pages\/2619\/revisions"}],"predecessor-version":[{"id":3509,"href":"http:\/\/littlebeauxarts.fr\/index.php?rest_route=\/wp\/v2\/pages\/2619\/revisions\/3509"}],"up":[{"embeddable":true,"href":"http:\/\/littlebeauxarts.fr\/index.php?rest_route=\/wp\/v2\/pages\/1031"}],"wp:attachment":[{"href":"http:\/\/littlebeauxarts.fr\/index.php?rest_route=%2Fwp%2Fv2%2Fmedia&parent=2619"}],"curies":[{"name":"wp","href":"https:\/\/api.w.org\/{rel}","templated":true}]}}